et l(h) = 2*h**3 - 6*h**2 + 15*h + 11. What are the prime factors of l(6)?
317
Suppose 8*l + 25 = 3*l. What are the prime factors of (-4)/5 + ((-1388)/(-10) - l)?
11, 13
Let f = -262 + 417. Suppose 3*i + 3*z - 702 = 0, -i - 4*z - f = -377. List the prime factors of i.
2, 7, 17
Suppose 3*c - 23 + 61 = 2*t, 5*c + 5*t = -30. Let h = 341 - 374. Let d = c - h. List the prime factors of d.
23
Let v = -12 - -10. List the prime factors of (-3)/((-3)/v) + 65.
3, 7
Suppose 5*a + 4*s - 352 = -908, 0 = -5*a - s - 559. Let j be (a/(-20))/(1/5). Suppose -2*m = -0*m - j. What are the prime factors of m?
2, 7
Let f(d) = 3*d - 9. Let t be f(9). Suppose -5*j = t - 193. List the prime factors of j.
5, 7
Let m be 14/(-2*2/(-82)). Let j = 500 - m. List the prime factors of j.
3, 71
Let g(l) = 11*l + 7. Let z = -28 - -30. List the prime factors of g(z).
29
Let k = -652 - -923. Suppose -4*w + k + 37 = 0. List the prime factors of w.
7, 11
Suppose -30*i + 2*i + 51128 = 0. List the prime factors of i.
2, 11, 83
Let u(q) = q**3 + 51*q**2 - 17*q - 326. What are the prime factors of u(-49)?
5309
Let d(q) = -q + 1. Suppose -3*v = g + 2*g - 15, -5*g + 17 = v. Suppose 2*i - 7 = 5*p - 4, -3*p = -i + v. List the prime factors of d(i).
2
Suppose 5*q + 238 = 12663. List the prime factors of q.
5, 7, 71
Suppose 116 = 4*p + c - 2*c, -p - 2*c = -20. What are the prime factors of p - (-10)/(3 - 5)?
23
Suppose 0 = -z - 4*z - 20. Let a = 69 + z. What are the prime factors of a?
5, 13
Let g(c) be the first derivative of 8*c + 1/4*c**4 + 11/3*c**3 - 13/2*c**2 - 1. What are the prime factors of g(-12)?
2, 5
Let q(u) = 14*u**2 + u - 3. Let z = 32 + -26. Let d be z/2*2/(-3). List the prime factors of q(d).
3, 17
Let o(y) be the third derivative of 0 + 2*y**2 - 3/8*y**4 + 1/2*y**3 - 1/60*y**5 + 0*y. List the prime factors of o(-7).
17
Suppose 427*t + 824 = 428*t. List the prime factors of t.
2, 103
Let c(m) be the first derivative of -3 + 24*m + 1/2*m**2. What are the prime factors of c(-13)?
11
Let v = 86 - 25. Suppose 4*l - v = -197. What are the prime factors of (3 - 2) + (1 - l)?
2, 3
Let s be (6/15)/((-4)/(-40)). Suppose 210 + 66 = s*x. List the prime factors of x.
3, 23
Let y = 25 - 20. Suppose 12 = 3*v + 2*u - 58, y*v = u + 134. Suppose -a = -5*i - 31, a - 4*i - v = -0*a. What are the prime factors of a?
2, 3
Suppose 10 = 6*k - 4*k. Suppose 2*x = 2*n + 12, k*x - 22 = 4*n + 5. Let j(h) = 14*h - 7. List the prime factors of j(x).
5, 7
What are the prime factors of (-10 + 1 + 14)*7*35?
5, 7
Let k(f) = f**2 - 7*f - 3. Let l be k(7). Let d = l + 35. What are the prime factors of d?
2
Let x(n) = 122*n - 18. Let t be x(5). Suppose -t = 15*p - 19*p. What are the prime factors of p?
2, 37
Suppose l - 6*l = 4*x - 1300, -520 = -2*l + 4*x. Suppose -u - l = -5*u. List the prime factors of u.
5, 13
List the prime factors of 12/(-2)*(-520)/8.
2, 3, 5, 13
Suppose -12*o = 3*d - 13*o - 839, -4*o - 20 = 0. List the prime factors of d.
2, 139
Let o = 30 - 71. Let q = 81 + o. List the prime factors of q.
2, 5
Let j = -1240 + 2027. List the prime factors of j.
787
Suppose -32*b = -18*b - 14000. List the prime factors of b.
2, 5
Let v = 304 + 2085. What are the prime factors of v?
2389
Suppose 0*h = -3*h + 975. Suppose 0 = 6*r - 11*r + h. List the prime factors of r.
5, 13
Let f = 486 - 268. List the prime factors of f.
2, 109
Let l(m) = -m**2 + 17*m - 3. Let i = -65 + 79. List the prime factors of l(i).
3, 13
Let o = -74 - -76. Let r = 3 - 3. Suppose r = c + o*c - 99. List the prime factors of c.
3, 11
Let z be 4344/16*4/(-6). Let f = -80 - z. What are the prime factors of f?
101
Suppose -3*y - 5*m = 69, 0 = -2*m - 0*m. Let g = y - -49. Let o = 50 - g. List the prime factors of o.
2, 3
Let c(o) = -o**2 + 7*o + 2. Let r = 3 - -4. Let z be c(r). Suppose -4*y + 66 = -2*k, -z*y - 5*k = -0*y - 39. What are the prime factors of y?
17
Let m = 2 - -2. Let v be m/(-30) + (-2002)/(-165). Suppose -5*q = 2*k - 15 - v, 3*k + 3*q - 54 = 0. What are the prime factors of k?
3, 7
List the prime factors of 14*61 + 62 + -67.
3, 283
What are the prime factors of 6/6*-1 - -104?
103
Let m(j) = 5*j**3 - 2*j**3 + 1 - j**3 - 3*j**3 - 10*j + 8*j**2. Suppose 4*i + 12 = 0, 5*s = -4*i - i + 5. What are the prime factors of m(s)?
5
Suppose -3*l + 12723 = -1182. List the prime factors of l.
3, 5, 103
Let n(f) = f. Let y be (-2 + 22/6)*3. Suppose 9 = 5*v + r - 17, 2*v - y*r = 5. List the prime factors of n(v).
5
Let v = -36 - -38. Suppose v*l = -2*w + 154, 3*l + 85 - 320 = -w. What are the prime factors of l?
79
Let h = 279 + 92. Suppose -5*n = 3*s - h, 2*n - 3*s - 213 = -n. What are the prime factors of n?
73
Suppose 0 = -5*c + 76 + 199. Let a = 83 - c. What are the prime factors of 1 + (-1 - 3) + a?
5
Let n = 1578 - 617. List the prime factors of n.
31
Let m(h) = -125*h**3 + 3*h**2 - 4*h + 2. Let v be m(1). Let i = v + 181. List the prime factors of i.
3, 19
Suppose -5*f + 0*f + 3*n + 40 = 0, f + 3*n + 10 = 0. Suppose -f*q + 164 = -51. List the prime factors of q.
43
Let h(v) = -45*v + 12. Let k be 84/16 + (-2)/8. Let f be h(k). List the prime factors of 1/(-5) - f/15.
2, 7
Let o = -2278 - -5812. What are the prime factors of o?
2, 3, 19, 31
Let y(l) = 184*l - 1. Let n be y(3). Suppose -3*k + 2*p = -n, -3*k + 255 + 304 = 2*p. List the prime factors of k.
5, 37
Let y(d) = d**3 + 40*d**2 - 102*d - 3. What are the prime factors of y(-42)?
3, 251
Let s(q) = 3*q**2 + 4*q - 16. Let o be s(-6). Let r = o - 46. What are the prime factors of r?
2, 11
Suppose -4*c + 1 = -15. Let v be (35 - -3) + 1 - 1. Suppose b + c*g = v, -4*b + b + 81 = g. What are the prime factors of b?
2, 13
Let z = 93 - -3. What are the prime factors of z?
2, 3
Let d be 1*(3 - 2 - 142). Let h = -54 - d. Suppose -4*v + h = g, -2*v - 2*g + 13 + 29 = 0. What are the prime factors of v?
2, 11
Suppose -10*c + 18*c - 40 = 0. Let q(y) = 2*y**2 - 5*y + 35. What are the prime factors of q(c)?
2, 3, 5
Let q be 1900/(-15)*1*-3*1. Suppose -q = -7*d + 166. List the prime factors of d.
2, 3, 13
Suppose -94912 = -3*n - 29*n. List the prime factors of n.
2, 1483
Suppose -12973 = -39*y + 7151. List the prime factors of y.
2, 3, 43
Let v = 192 + -127. List the prime factors of v.
5, 13
Let m be (-91 + 1)*30/(-75). Suppose -m = -j - 0*j + 3*s, s - 92 = -4*j. What are the prime factors of j?
2, 3
Let f(l) = 2*l**2 + 21*l - 147. What are the prime factors of f(24)?
3, 503
Suppose 2*o = 4*o - 2*w - 500, -1240 = -5*o + 3*w. Suppose 295 = 5*c - o. Suppose 6*s - 3*s = c. What are the prime factors of s?
2, 3
Let o = -168 - -558. Suppose -3*h + 3*n + 297 = 0, -o = -4*h + 3*n - n. What are the prime factors of h?
2, 3
Suppose 3*c = 10*j - 8*j - 1563, -2*j = -4*c - 1566. List the prime factors of j.
3, 7, 37
Suppose 2*g - 1 = 11. Suppose 5*i + 736 = 3*a, g = -3*i + 18. What are the prime factors of a?
2, 3, 7
Suppose 0 = -2*v + 10, -13 = -2*o - 3*v + 6. Suppose -2*d - z = o*z - 145, 2*d = 3*z + 175. What are the prime factors of d?
2, 5
Let n be -42*(-4)/(-10)*(-15)/9. Let y = n - -71. List the prime factors of y.
3, 11
Let x(q) = 29*q + 27. Let t be x(6). Let l = t + 22. What are the prime factors of l?
223
Suppose n + 1 = 41. Let s = n + -3. Let w = s - 24. What are the prime factors of w?
13
Suppose 0 = 5*i - 2*k - 1092, -10*k + 12*k - 870 = -4*i. List the prime factors of i.
2, 109
Suppose -3*z - 3*x = -z - 470, 3*z = -5*x + 706. List the prime factors of z.
2, 29
Let y be -1 + (-18 - -2) - -2. Let s = 1 + y. Let o = s - -43. What are the prime factors of o?
29
Let i be -1 - -2 - 0/1. Let y = 32 - 19. Let l = i + y. List the prime factors of l.
2, 7
Let q = 31 + -27. What are the prime factors of (q + -1)/(3/4)?
2
Let p be 4/12*(-177)/1. Let i = 129 + p. What are the prime factors of i?
2, 5, 7
Let a(s) = -319*s**3 + s**2 - 3*s - 3. List the prime factors of a(-1).
2, 5
Suppose c - 174 = -2*h, c + 542 = 4*c + 2*h. Suppose -4*r + 172 = -2*s, -7*s + 2*s = -4*r + c. List the prime factors of r.
41
Let a(y) = -6*y**3 - 1. Let h be a(-1). Let v be -28*h/30*-3. Suppose 0 = -v*c + 12*c + 104. List the prime factors of c.
2, 13
Let q(d) = -d**3 + 8*d**2 - 9*d + 22. Let f be q(7). List the prime factors of 2*1/4 - (-868)/f.
109
Suppose 16 = -4*g + 64. Let v be (21/g)/((-4)/(-16)). Suppose v*l = l +